{"id":35099,"date":"2024-09-02T23:59:37","date_gmt":"2024-09-03T03:59:37","guid":{"rendered":"https:\/\/concoursmontreal.ca\/?page_id=35099"},"modified":"2026-09-02T16:59:17","modified_gmt":"2026-09-02T20:59:17","slug":"conductor","status":"publish","type":"page","link":"https:\/\/www.concoursmontreal.ca\/en\/piano-2027\/conductor\/","title":{"rendered":"Guest Conductor"},"content":{"rendered":"<h2 style=\"text-align: left;\"><strong>COncours 2027 &#8211; GUEST CONDUCTOR<\/strong><\/h2>\n<p>&nbsp;<\/p>\n<p><img loading=\"lazy\" decoding=\"async\" class=\"aligncenter size-full wp-image-46193\" src=\"\/wp-content\/uploads\/2026\/08\/Madaras_guest-conductor-pour-site-web-scaled.jpg\" alt=\"\" width=\"2560\" height=\"747\" srcset=\"\/wp-content\/uploads\/2026\/08\/Madaras_guest-conductor-pour-site-web-scaled.jpg 2560w, \/wp-content\/uploads\/2026\/08\/Madaras_guest-conductor-pour-site-web-768x224.jpg 768w, \/wp-content\/uploads\/2026\/08\/Madaras_guest-conductor-pour-site-web-1536x448.jpg 1536w, \/wp-content\/uploads\/2026\/08\/Madaras_guest-conductor-pour-site-web-2048x597.jpg 2048w\" sizes=\"auto, (max-width: 2560px) 100vw, 2560px\" \/><\/p>\n<p>&nbsp;<\/p>\n<p class=\"p1\" style=\"text-align: left;\"><span class=\"s1\" style=\"font-size: 14px;\">Competitors will have the opportunity to perform alongside the Orchestre symphonique de Montr\u00e9al (OSM) for the Final Round. For the occasion, the official orchestra of the <span style=\"font-size: 14px;\"><strong>Concours musical international de Montr\u00e9al<\/strong><\/span> will be under the direction of Guest Conductor <strong>Gergely Madaras<\/strong>.<\/span><\/p>\n<p style=\"text-align: left;\"><span style=\"font-size: 14px;\">Hungarian conductor <strong>Gergely Madaras<\/strong> was named 2025 \u201cConductor of the Year\u201d at the Bart\u00f3k Radio Awards. He served as Music Director of the Orchestre Philharmonique Royal de Li\u00e8ge from 2019\u20132025, where his successful tenure was recently marked by his being named an Honorary Citizen of the City.<\/span><\/p>\n<p style=\"text-align: left;\"><span style=\"font-size: 14px;\"><img loading=\"lazy\" decoding=\"async\" class=\"alignleft wp-image-46196\" src=\"\/wp-content\/uploads\/2026\/08\/Madaras_2025-02-pour-site-web-scaled.jpg\" alt=\"\" width=\"271\" height=\"315\" srcset=\"\/wp-content\/uploads\/2026\/08\/Madaras_2025-02-pour-site-web-scaled.jpg 2199w, \/wp-content\/uploads\/2026\/08\/Madaras_2025-02-pour-site-web-768x894.jpg 768w, \/wp-content\/uploads\/2026\/08\/Madaras_2025-02-pour-site-web-1319x1536.jpg 1319w, \/wp-content\/uploads\/2026\/08\/Madaras_2025-02-pour-site-web-1759x2048.jpg 1759w\" sizes=\"auto, (max-width: 271px) 100vw, 271px\" \/><\/span><\/p>\n<p style=\"text-align: left;\"><span style=\"font-size: 14px;\">His 2026-2027 season features symphonic debuts with the NDR Hannover, SWR Symphony, Slovak State Kosice and Israel Philharmonic orchestras, and the Kristiansand Symphony Orchestra. He returns with the Dresden Philharmonic, London Philharmonic, Norwegian Radio Orchestra, Orchestre National de Mulhouse and Royal Philharmonic Orchestra, as well as working with the NFM Wroclaw in a program that celebrates both the Beethoven and Dohn\u00e1nyi anniversaries, and on a contemporary project with the WDR Symphony Orchestra as part of the Witten Festival.<\/span><\/p>\n<p style=\"text-align: left;\"><span style=\"font-size: 14px;\">Recent highlights include performances with the Oslo, Luxembourg and Hong Kong philharmonics, the Dresden Staatskapelle, Budapest Festival Orchestra, BBC Symphony Orchestra, BBC Philharmonic, Hall\u00e9 Orchestra, City of Birmingham Symphony Orchestra, World Jewish Philharmonic, Orchestre Philharmonique de Radio France, Orchestre Philharmonique de Monte-Carlo, Orchestre National du Capitole de Toulouse, Orchestra Sinfonica Nazionale della RAI, S\u00e3o Paulo State Symphony, and with Il Pomo d\u2019Oro and Joyce DiDonato at the Concertgebouw (Amsterdam), as part of the <em>EDEN<\/em> tour.<\/span><\/p>\n<p style=\"text-align: left;\"><span style=\"font-size: 14px;\">Last season included high-profile debuts with the Dresden Philharmonic, NDR Elbphilharmonie, Dresden Staatskapelle, and the Hong Kong Philharmonic, at the Palau de la m\u00fasica in Valencia and in Mulhouse, Tampere, and Trondheim, as well as at the Welsh National Opera (<em>Tosca<\/em>). He also conducted the NHK Symphony Orchestra, Luxembourg Philharmonic, Oslo Philharmonic, Turku Philharmonic, Warsaw Philharmonic, Bournemouth Symphony Orchestra, BBC National Orchestra of Wales, as well as at the Hungarian State Opera and a special project with the Hungarian Radio Symphony celebrating the 100th birthday of Gy\u00f6rgy Kurt\u00e1g.<\/span><\/p>\n<p style=\"text-align: left;\"><span style=\"font-size: 14px;\">Gergely Madaras was the inaugural Sir Charles Mackerras Fellow at the English National Opera. In recent seasons, he has conducted critically acclaimed productions at the Dutch National Opera, the Grand Th\u00e9\u00e2tre de Gen\u00e8ve, La Monnaie, and the Hungarian State Opera.<\/span><\/p>\n<p>&nbsp;<\/p>\n<p style=\"text-align: center;\"><a href=\"https:\/\/www.ritzcarlton.com\/en\/hotels\/yulrm-the-ritz-carlton-montreal\/overview\/\"><img loading=\"lazy\" decoding=\"async\" class=\" wp-image-33226 aligncenter\" src=\"\/wp-content\/uploads\/2023\/10\/Ritz-Carlton_Montreal_Logo.svg_.png\" alt=\"\" width=\"140\" height=\"103\" \/><\/a><\/p>\n<p style=\"text-align: center;\">The <span style=\"font-size: 14px;\"><strong>Concours musical international de Montr\u00e9al<\/strong><\/span> Guest Conductor is housed at the Ritz-Carlton \u2013 Montr\u00e9al<\/p>\n<p>&nbsp;<\/p>\n<p style=\"text-align: center;\"><span style=\"vertical-align: inherit;\"><a class=\"maxbutton-197 maxbutton maxbutton-concours-2027-en\" target=\"_blank\" rel=\"noopener\" href=\"https:\/\/www.concoursmontreal.ca\/en\/piano-2027\/\"><span class='mb-text'>HOME - CONCOURS 2027<\/span><\/a><\/span><\/p>\n<p style=\"text-align: center;\"><span style=\"vertical-align: inherit;\"><a class=\"maxbutton-75 maxbutton maxbutton-support-the-concours\" href=\"https:\/\/www.concoursmontreal.ca\/en\/support\/donate\/\"><span class='mb-text'>SUPPORT THE CONCOURS<\/span><\/a><\/span><\/p>\n","protected":false},"excerpt":{"rendered":"<p>COncours 2027 &#8211; GUEST CONDUCTOR &nbsp; &nbsp; Competitors will have the opportunity to perform alongside the Orchestre symphonique de Montr\u00e9al (OSM) for the Final Round. For the occasion, the official orchestra of the Concours musical international de Montr\u00e9al will be under the direction of Guest Conductor Gergely Madaras. Hungarian conductor Gergely Madaras was named 2025 [&hellip;]<\/p>\n","protected":false},"author":1,"featured_media":0,"parent":44260,"menu_order":10,"comment_status":"closed","ping_status":"closed","template":"","meta":{"_acf_changed":false,"footnotes":""},"class_list":["post-35099","page","type-page","status-publish","hentry"],"acf":[],"_links":{"self":[{"href":"https:\/\/www.concoursmontreal.ca\/en\/wp-json\/wp\/v2\/pages\/35099","targetHints":{"allow":["GET"]}}],"collection":[{"href":"https:\/\/www.concoursmontreal.ca\/en\/wp-json\/wp\/v2\/pages"}],"about":[{"href":"https:\/\/www.concoursmontreal.ca\/en\/wp-json\/wp\/v2\/types\/page"}],"author":[{"embeddable":true,"href":"https:\/\/www.concoursmontreal.ca\/en\/wp-json\/wp\/v2\/users\/1"}],"replies":[{"embeddable":true,"href":"https:\/\/www.concoursmontreal.ca\/en\/wp-json\/wp\/v2\/comments?post=35099"}],"version-history":[{"count":6,"href":"https:\/\/www.concoursmontreal.ca\/en\/wp-json\/wp\/v2\/pages\/35099\/revisions"}],"predecessor-version":[{"id":46485,"href":"https:\/\/www.concoursmontreal.ca\/en\/wp-json\/wp\/v2\/pages\/35099\/revisions\/46485"}],"up":[{"embeddable":true,"href":"https:\/\/www.concoursmontreal.ca\/en\/wp-json\/wp\/v2\/pages\/44260"}],"wp:attachment":[{"href":"https:\/\/www.concoursmontreal.ca\/en\/wp-json\/wp\/v2\/media?parent=35099"}],"curies":[{"name":"wp","href":"https:\/\/api.w.org\/{rel}","templated":true}]}}

<h2 style="text-align: left;"><strong>COncours 2027 &#8211; GUEST CONDUCTOR</strong></h2>
<p>&nbsp;</p>
<p><img loading="lazy" decoding="async" class="aligncenter size-full wp-image-46193" src="/wp-content/uploads/2026/08/Madaras_guest-conductor-pour-site-web-scaled.jpg" alt="" width="2560" height="747" srcset="/wp-content/uploads/2026/08/Madaras_guest-conductor-pour-site-web-scaled.jpg 2560w, /wp-content/uploads/2026/08/Madaras_guest-conductor-pour-site-web-768x224.jpg 768w, /wp-content/uploads/2026/08/Madaras_guest-conductor-pour-site-web-1536x448.jpg 1536w, /wp-content/uploads/2026/08/Madaras_guest-conductor-pour-site-web-2048x597.jpg 2048w" sizes="auto, (max-width: 2560px) 100vw, 2560px" /></p>
<p>&nbsp;</p>
<p class="p1" style="text-align: left;"><span class="s1" style="font-size: 14px;">Competitors will have the opportunity to perform alongside the Orchestre symphonique de Montréal (OSM) for the Final Round. For the occasion, the official orchestra of the <span style="font-size: 14px;"><strong>Concours musical international de Montréal</strong></span> will be under the direction of Guest Conductor <strong>Gergely Madaras</strong>.</span></p>
<p style="text-align: left;"><span style="font-size: 14px;">Hungarian conductor <strong>Gergely Madaras</strong> was named 2025 “Conductor of the Year” at the Bartók Radio Awards. He served as Music Director of the Orchestre Philharmonique Royal de Liège from 2019–2025, where his successful tenure was recently marked by his being named an Honorary Citizen of the City.</span></p>
<p style="text-align: left;"><span style="font-size: 14px;"><img loading="lazy" decoding="async" class="alignleft wp-image-46196" src="/wp-content/uploads/2026/08/Madaras_2025-02-pour-site-web-scaled.jpg" alt="" width="271" height="315" srcset="/wp-content/uploads/2026/08/Madaras_2025-02-pour-site-web-scaled.jpg 2199w, /wp-content/uploads/2026/08/Madaras_2025-02-pour-site-web-768x894.jpg 768w, /wp-content/uploads/2026/08/Madaras_2025-02-pour-site-web-1319x1536.jpg 1319w, /wp-content/uploads/2026/08/Madaras_2025-02-pour-site-web-1759x2048.jpg 1759w" sizes="auto, (max-width: 271px) 100vw, 271px" /></span></p>
<p style="text-align: left;"><span style="font-size: 14px;">His 2026-2027 season features symphonic debuts with the NDR Hannover, SWR Symphony, Slovak State Kosice and Israel Philharmonic orchestras, and the Kristiansand Symphony Orchestra. He returns with the Dresden Philharmonic, London Philharmonic, Norwegian Radio Orchestra, Orchestre National de Mulhouse and Royal Philharmonic Orchestra, as well as working with the NFM Wroclaw in a program that celebrates both the Beethoven and Dohnányi anniversaries, and on a contemporary project with the WDR Symphony Orchestra as part of the Witten Festival.</span></p>
<p style="text-align: left;"><span style="font-size: 14px;">Recent highlights include performances with the Oslo, Luxembourg and Hong Kong philharmonics, the Dresden Staatskapelle, Budapest Festival Orchestra, BBC Symphony Orchestra, BBC Philharmonic, Hallé Orchestra, City of Birmingham Symphony Orchestra, World Jewish Philharmonic, Orchestre Philharmonique de Radio France, Orchestre Philharmonique de Monte-Carlo, Orchestre National du Capitole de Toulouse, Orchestra Sinfonica Nazionale della RAI, São Paulo State Symphony, and with Il Pomo d’Oro and Joyce DiDonato at the Concertgebouw (Amsterdam), as part of the <em>EDEN</em> tour.</span></p>
<p style="text-align: left;"><span style="font-size: 14px;">Last season included high-profile debuts with the Dresden Philharmonic, NDR Elbphilharmonie, Dresden Staatskapelle, and the Hong Kong Philharmonic, at the Palau de la música in Valencia and in Mulhouse, Tampere, and Trondheim, as well as at the Welsh National Opera (<em>Tosca</em>). He also conducted the NHK Symphony Orchestra, Luxembourg Philharmonic, Oslo Philharmonic, Turku Philharmonic, Warsaw Philharmonic, Bournemouth Symphony Orchestra, BBC National Orchestra of Wales, as well as at the Hungarian State Opera and a special project with the Hungarian Radio Symphony celebrating the 100th birthday of György Kurtág.</span></p>
<p style="text-align: left;"><span style="font-size: 14px;">Gergely Madaras was the inaugural Sir Charles Mackerras Fellow at the English National Opera. In recent seasons, he has conducted critically acclaimed productions at the Dutch National Opera, the Grand Théâtre de Genève, La Monnaie, and the Hungarian State Opera.</span></p>
<p>&nbsp;</p>
<p style="text-align: center;"><a href="https://www.ritzcarlton.com/en/hotels/yulrm-the-ritz-carlton-montreal/overview/"><img loading="lazy" decoding="async" class=" wp-image-33226 aligncenter" src="/wp-content/uploads/2023/10/Ritz-Carlton_Montreal_Logo.svg_.png" alt="" width="140" height="103" /></a></p>
<p style="text-align: center;">The <span style="font-size: 14px;"><strong>Concours musical international de Montréal</strong></span> Guest Conductor is housed at the Ritz-Carlton – Montréal</p>
<p>&nbsp;</p>
<p style="text-align: center;"><span style="vertical-align: inherit;"><a class="maxbutton-197 maxbutton maxbutton-concours-2027-en" target="_blank" rel="noopener" href="https://www.concoursmontreal.ca/en/piano-2027/"><span class='mb-text'>HOME - CONCOURS 2027</span></a></span></p>
<p style="text-align: center;"><span style="vertical-align: inherit;"><a class="maxbutton-75 maxbutton maxbutton-support-the-concours" href="https://www.concoursmontreal.ca/en/support/donate/"><span class='mb-text'>SUPPORT THE CONCOURS</span></a></span></p>

<p>COncours 2027 &#8211; GUEST CONDUCTOR &nbsp; &nbsp; Competitors will have the opportunity to perform alongside the Orchestre symphonique de Montréal (OSM) for the Final Round. For the occasion, the official orchestra of the Concours musical international de Montréal will be under the direction of Guest Conductor Gergely Madaras. Hungarian conductor Gergely Madaras was named 2025 [&hellip;]</p>
