{"id":31941,"date":"2024-01-31T13:00:27","date_gmt":"2024-01-31T18:00:27","guid":{"rendered":"https:\/\/concoursmontreal.ca\/?post_type=cmim-competitors&#038;p=31941"},"modified":"2024-05-17T22:17:38","modified_gmt":"2024-05-18T02:17:38","slug":"michelle-candotti","status":"publish","type":"cmim-competitors","link":"https:\/\/www.concoursmontreal.ca\/fr\/concurrents\/michelle-candotti\/","title":{"rendered":"Michelle Candotti"},"content":{"rendered":"<p style=\"text-align: left;\"><a class=\"maxbutton-137 maxbutton maxbutton-piano-2024-fr\" href=\"https:\/\/www.concoursmontreal.ca\/fr\/a_propos\/archives\/piano-2024\/\"><span class='mb-text'>Piano 2024<\/span><\/a><\/p>\n\n<p>&nbsp;<\/p>\n<p style=\"text-align: left;\"><span style=\"font-size: 14px;\" data-contrast=\"auto\"><span style=\"color: #fc4237;\"><strong>Demi-finaliste<\/strong><\/span><\/span><\/p>\n<p style=\"text-align: left;\"><span data-contrast=\"auto\">Michelle Candotti a obtenu son dipl\u00f4me de piano au Conservatoire Dell&rsquo;Abaco de V\u00e9rone \u00e0 14 ans. Elle a \u00e9galement obtenu, avec distinction, le Master in Performance et Artist Diploma au Royal College of Music avec Dmitri Alexeev, et le Dipl\u00f4me avec <\/span><span data-contrast=\"auto\">\u00ab Master \u00bb<\/span><span data-contrast=\"auto\"> \u00e0 l&rsquo;Acad\u00e9mie d&rsquo;Imola avec Enrico Pace.<\/span><span data-ccp-props=\"{}\">\u00a0<\/span><\/p>\n<p style=\"text-align: left;\"><span data-contrast=\"auto\">Michelle a remport\u00e9 le deuxi\u00e8me prix et le prix du public au Concours international de piano A. Scriabine, le deuxi\u00e8me prix au Concours international de concerto pour piano de Hastings et le deuxi\u00e8me prix au <\/span><span data-contrast=\"auto\">XXIII<\/span><sup><span data-contrast=\"auto\">e<\/span><\/sup><span data-contrast=\"auto\"> Concours international Chopin de Rome. Elle a r\u00e9cemment \u00e9t\u00e9 demi-finaliste au <\/span><span data-contrast=\"auto\">18<\/span><sup><span data-contrast=\"auto\">e<\/span><\/sup><span data-contrast=\"auto\"> Concours international Chopin de Varsovie, laur\u00e9ate du <\/span><span data-contrast=\"auto\">5<\/span><sup><span data-contrast=\"auto\">e<\/span><\/sup><span data-contrast=\"auto\"> Concours Maj Lind d&rsquo;Helsinki, deuxi\u00e8me prix au German Piano Award 2022 et laur\u00e9ate du Steinway &amp; Sons F\u00f6rderpreis Klassik 2023.<\/span><span data-ccp-props=\"{}\">\u00a0<\/span><\/p>\n<p style=\"text-align: left;\"><span data-contrast=\"auto\">Elle \u00e9tudie actuellement avec Carlo Palese et suit le cours Konzertexamen \u00e0 la Hochschule f\u00fcr Musik und Theatre de Hambourg avec Hubert Rutkowski.<\/span><span data-ccp-props=\"{}\">\u00a0<\/span><\/p>\n<p>&nbsp;<\/p>\n<p style=\"text-align: left;\"><span style=\"font-size: 14px;\"><strong>Principaux professeurs\u00a0<\/strong><\/span><\/p>\n<ul>\n<li style=\"text-align: left;\"><span style=\"font-size: 14px;\">Carlo Palese\u00a0<\/span><\/li>\n<li style=\"text-align: left;\"><span style=\"font-size: 14px;\">Hubert Rutkowski\u00a0<\/span><\/li>\n<\/ul>\n<p style=\"text-align: left;\"><span style=\"font-size: 14px;\" data-ccp-props=\"{&quot;469777462&quot;:[3588,6208,10188],&quot;469777927&quot;:[0,0,0],&quot;469777928&quot;:[1,1,1]}\">\u00a0<\/span><\/p>\n<p style=\"text-align: left;\"><span style=\"font-size: 14px;\"><strong>Principaux concours\u00a0<\/strong><\/span><\/p>\n<ul>\n<li style=\"text-align: left;\"><span style=\"font-size: 14px;\">1<sup>er<\/sup> prix, Steinway F\u00f6rderpreises Klassik, 2023 <\/span><\/li>\n<li style=\"text-align: left;\"><span style=\"font-size: 14px;\">2<sup>e<\/sup> prix, Internationaler Deutscher Pianistenpreis, 2022 \u00a0<\/span><\/li>\n<li style=\"text-align: left;\"><span style=\"font-size: 14px;\">5<sup>e<\/sup> prix, Maj Lind International\u00a0 Piano Competition,, 2022 \u00a0<\/span><\/li>\n<li style=\"text-align: left;\"><span style=\"font-size: 14px;\">Demi-finaliste, XVIII Konkurs Chopinowski Warszawa, 2021\u00a0<\/span><\/li>\n<li style=\"text-align: left;\"><span style=\"font-size: 14px;\">1<\/span><sup>er <\/sup><span style=\"font-size: 14px;\">prix, Concours musical international <\/span><span style=\"font-size: 14px;\">\u00ab <\/span><span style=\"font-size: 14px;\">Citt\u00e0 di Firenze-Premio Crescendo <\/span><span style=\"font-size: 14px;\">\u00bb<\/span><span style=\"font-size: 14px;\">, 2020<\/span><\/li>\n<li style=\"text-align: left;\"><span style=\"font-size: 14px;\">3<\/span><sup>e<\/sup><span style=\"font-size: 14px;\"> prix, Concours international de piano Brescia Classica, 2019\u00a0<\/span><span style=\"font-size: 14px;\">\u00a0<\/span><\/li>\n<\/ul>\n<h2>\u00a0<\/h2>\n<h2 style=\"text-align: left;\"><b><span data-contrast=\"none\"><span style=\"color: #ff0000;\">ProgramME<\/span><\/span><\/b><\/h2>\n<p style=\"text-align: left;\"><span style=\"font-size: 14px;\"><b>PREMI\u00c8RE \u00c9PREUVE : R\u00c9CITAL<\/b>\u00a0<\/span><\/p>\n<p style=\"text-align: left;\"><span style=\"font-size: 14px;\"><b>Fr\u00e9d\u00e9ric Chopin<br \/><\/b><\/span><span style=\"font-size: 14px;\">Barcarolle en fa di\u00e8se majeur, op. 60\u00a0<\/span><\/p>\n<p style=\"text-align: left;\"><span style=\"font-size: 14px;\"><b>Franz Liszt<br \/><\/b><\/span><span style=\"font-size: 14px;\"><i>Paraphrase de concert sur Ernani II<\/i>, S. 432<\/span><span style=\"font-size: 14px;\" data-ccp-props=\"{&quot;469777462&quot;:[180,5040],&quot;469777927&quot;:[0,0],&quot;469777928&quot;:[1,4]}\">\u00a0<\/span><\/p>\n<p style=\"text-align: left;\"><span style=\"font-size: 14px;\"><b>B\u00e9la Bart\u00f3k<\/b><b><br \/><\/b><\/span><span style=\"font-size: 14px;\">Sonate BB 88 (Sz. 80)<br \/><\/span><span style=\"font-size: 12px;\">Allegro moderato \u2022 Sostenuto e pesante \u2022 Allegro molto\u00a0<\/span><\/p>\n<p style=\"text-align: left;\"><span style=\"font-size: 14px;\" data-ccp-props=\"{&quot;469777462&quot;:[180,5040],&quot;469777927&quot;:[0,0],&quot;469777928&quot;:[1,4]}\">\u00a0<\/span><\/p>\n<p style=\"text-align: left;\"><span style=\"font-size: 14px;\"><b>DEMI-FINALE : MUSIQUE DE CHAMBRE<\/b>\u00a0<\/span><\/p>\n<p style=\"text-align: left;\"><span style=\"font-size: 14px;\"><b>Robert Schumann<br \/><\/b><\/span><span style=\"font-size: 14px;\">Quatuor avec piano en mi b\u00e9mol majeur, op. 47<br \/><\/span><span style=\"font-size: 12px;\">Sostenuto\u202fassai &#8211; Allegro ma non troppo\u00a0<\/span><\/p>\n<p style=\"text-align: left;\"><span style=\"font-size: 14px;\" data-ccp-props=\"{&quot;201341983&quot;:0,&quot;335559739&quot;:160,&quot;335559740&quot;:259,&quot;469777462&quot;:[180,5040],&quot;469777927&quot;:[0,0],&quot;469777928&quot;:[1,4]}\">\u00a0<\/span><\/p>\n<p style=\"text-align: left;\"><span style=\"font-size: 14px;\"><b>DEMI-FINALE : R\u00c9CITAL<\/b>\u00a0<\/span><\/p>\n<p style=\"text-align: left;\"><span style=\"font-size: 14px;\"><b>Barbara Assiginaak<br \/><\/b><\/span><span style=\"font-size: 14px;\"><i>Mzizaakok Miiniwaa Mzizaakoonsak <\/i>(Taons et mouches \u00e0 chevreuil)\u00a0<\/span><\/p>\n<p style=\"text-align: left;\"><span style=\"font-size: 14px;\"><b>Franz Liszt<br \/><\/b><\/span><span style=\"font-size: 14px;\">\u00ab Apr\u00e8s une lecture du Dante, fantasia quasi sonata \u00bb (<i>Ann\u00e9es de p\u00e8lerinage, deuxi\u00e8me ann\u00e9e, <\/i>S. 161 : n<sup>o<\/sup> 7)\u00a0<\/span><\/p>\n<p style=\"text-align: left;\"><span style=\"font-size: 14px;\"><b>Georges Enesco<br \/><\/b><\/span><span style=\"font-size: 14px;\">Suite n<sup>o<\/sup> 2 en r\u00e9 majeur, op. 10<br \/><\/span><span style=\"font-size: 12px;\">Pavane\u00a0<\/span><\/p>\n<p style=\"text-align: left;\"><span style=\"font-size: 14px;\"><b>H\u00e9l\u00e8ne de Montgeroult<br \/><\/b><\/span><span style=\"font-size: 14px;\"><i>\u00c9tudes<br \/><\/i><\/span><span style=\"font-size: 12px;\">n<sup>o<\/sup> 111 en sol mineur\u00a0<\/span><\/p>\n<p style=\"text-align: left;\"><span style=\"font-size: 14px;\"><b>Sergue\u00ef\u202fProkofiev<br \/><\/b><\/span><span style=\"font-size: 14px;\">Sonate n<sup>o<\/sup> 7 en si b\u00e9mol majeur, op. 83<br \/><\/span><span style=\"font-size: 12px;\">Allegro inquieto &#8211; Andantino \u2022 Andante caloroso \u2022 Precipitato\u00a0<\/span><\/p>\n<p>&nbsp;<\/p>\n<p style=\"text-align: left;\"><a href=\"\/wp-content\/uploads\/2023\/09\/coeur_logo.png\"><img loading=\"lazy\" decoding=\"async\" class=\"alignleft size-full wp-image-33900\" src=\"\/wp-content\/uploads\/2023\/09\/coeur_logo.png\" alt=\"\" width=\"60\" height=\"56\" \/><\/a><\/p>\n<p style=\"text-align: left;\"><span style=\"font-size: 14px;\"><strong>Adoptez un musicien<br \/><\/strong>La pr\u00e9sence \u00e0 Montr\u00e9al de Michelle Candotti<\/span><br \/><span style=\"font-size: 14px;\">est g\u00e9n\u00e9reusement soutenue par <span class=\"TextRun SCXW102832138 BCX0\" lang=\"FR-FR\" xml:lang=\"FR-FR\" data-contrast=\"auto\"><span class=\"NormalTextRun SCXW102832138 BCX0\">Claude Rouleau<\/span><\/span><\/span><\/p>\n<p><a href=\"https:\/\/concoursmontreal.ca\/fr\/concurrents\/tom-carre\/\"><img loading=\"lazy\" decoding=\"async\" class=\"alignright wp-image-17690 size-full\" src=\"\/wp-content\/uploads\/2021\/02\/next-button.png\" alt=\"\" width=\"80\" height=\"80\" \/><\/a><\/p>\n<p>&nbsp;<\/p>\n<p style=\"text-align: left;\"><\/p>\n<p style=\"text-align: left;\"><a class=\"maxbutton-74 maxbutton maxbutton-donnez-au-concours\" href=\"https:\/\/www.concoursmontreal.ca\/fr\/appuyez\/faire-un-don\/\"><span class='mb-text'>DONNEZ AU CONCOURS<\/span><\/a><\/p>\n","protected":false},"excerpt":{"rendered":"<p>&nbsp; Demi-finaliste Michelle Candotti a obtenu son dipl\u00f4me de piano au Conservatoire Dell&rsquo;Abaco de V\u00e9rone \u00e0 14 ans. Elle a \u00e9galement obtenu, avec distinction, le Master in Performance et Artist Diploma au Royal College of Music avec Dmitri Alexeev, et le Dipl\u00f4me avec \u00ab Master \u00bb \u00e0 l&rsquo;Acad\u00e9mie d&rsquo;Imola avec Enrico Pace.\u00a0 Michelle a remport\u00e9 [&hellip;]<\/p>\n","protected":false},"featured_media":32047,"template":"","class_list":["post-31941","cmim-competitors","type-cmim-competitors","status-publish","has-post-thumbnail","hentry"],"acf":{"cmim_competitors_photo_credits":"","cmim_competitors_date_of_birth":"05\/18\/1996<br\/><br\/> Ville de r\u00e9sidence : Livourne","cmim_competitors_country":"Italie","cmim_competitors_range":""},"featured_media_src_url":"\/wp-content\/uploads\/2024\/01\/400_CMIM_Piano2024_Michelle_Candotti.png","_links":{"self":[{"href":"https:\/\/www.concoursmontreal.ca\/fr\/wp-json\/wp\/v2\/cmim-competitors\/31941","targetHints":{"allow":["GET"]}}],"collection":[{"href":"https:\/\/www.concoursmontreal.ca\/fr\/wp-json\/wp\/v2\/cmim-competitors"}],"about":[{"href":"https:\/\/www.concoursmontreal.ca\/fr\/wp-json\/wp\/v2\/types\/cmim-competitors"}],"version-history":[{"count":5,"href":"https:\/\/www.concoursmontreal.ca\/fr\/wp-json\/wp\/v2\/cmim-competitors\/31941\/revisions"}],"predecessor-version":[{"id":34860,"href":"https:\/\/www.concoursmontreal.ca\/fr\/wp-json\/wp\/v2\/cmim-competitors\/31941\/revisions\/34860"}],"wp:featuredmedia":[{"embeddable":true,"href":"https:\/\/www.concoursmontreal.ca\/fr\/wp-json\/wp\/v2\/media\/32047"}],"wp:attachment":[{"href":"https:\/\/www.concoursmontreal.ca\/fr\/wp-json\/wp\/v2\/media?parent=31941"}],"curies":[{"name":"wp","href":"https:\/\/api.w.org\/{rel}","templated":true}]}}

<p style="text-align: left;"><a class="maxbutton-137 maxbutton maxbutton-piano-2024-fr" href="https://www.concoursmontreal.ca/fr/a_propos/archives/piano-2024/"><span class='mb-text'>Piano 2024</span></a></p>

<p>&nbsp;</p>
<p style="text-align: left;"><span style="font-size: 14px;" data-contrast="auto"><span style="color: #fc4237;"><strong>Demi-finaliste</strong></span></span></p>
<p style="text-align: left;"><span data-contrast="auto">Michelle Candotti a obtenu son diplôme de piano au Conservatoire Dell&rsquo;Abaco de Vérone à 14 ans. Elle a également obtenu, avec distinction, le Master in Performance et Artist Diploma au Royal College of Music avec Dmitri Alexeev, et le Diplôme avec </span><span data-contrast="auto">« Master »</span><span data-contrast="auto"> à l&rsquo;Académie d&rsquo;Imola avec Enrico Pace.</span><span data-ccp-props="{}"> </span></p>
<p style="text-align: left;"><span data-contrast="auto">Michelle a remporté le deuxième prix et le prix du public au Concours international de piano A. Scriabine, le deuxième prix au Concours international de concerto pour piano de Hastings et le deuxième prix au </span><span data-contrast="auto">XXIII</span><sup><span data-contrast="auto">e</span></sup><span data-contrast="auto"> Concours international Chopin de Rome. Elle a récemment été demi-finaliste au </span><span data-contrast="auto">18</span><sup><span data-contrast="auto">e</span></sup><span data-contrast="auto"> Concours international Chopin de Varsovie, lauréate du </span><span data-contrast="auto">5</span><sup><span data-contrast="auto">e</span></sup><span data-contrast="auto"> Concours Maj Lind d&rsquo;Helsinki, deuxième prix au German Piano Award 2022 et lauréate du Steinway &amp; Sons Förderpreis Klassik 2023.</span><span data-ccp-props="{}"> </span></p>
<p style="text-align: left;"><span data-contrast="auto">Elle étudie actuellement avec Carlo Palese et suit le cours Konzertexamen à la Hochschule für Musik und Theatre de Hambourg avec Hubert Rutkowski.</span><span data-ccp-props="{}"> </span></p>
<p>&nbsp;</p>
<p style="text-align: left;"><span style="font-size: 14px;"><strong>Principaux professeurs </strong></span></p>
<ul>
<li style="text-align: left;"><span style="font-size: 14px;">Carlo Palese </span></li>
<li style="text-align: left;"><span style="font-size: 14px;">Hubert Rutkowski </span></li>
</ul>
<p style="text-align: left;"><span style="font-size: 14px;" data-ccp-props="{&quot;469777462&quot;:[3588,6208,10188],&quot;469777927&quot;:[0,0,0],&quot;469777928&quot;:[1,1,1]}"> </span></p>
<p style="text-align: left;"><span style="font-size: 14px;"><strong>Principaux concours </strong></span></p>
<ul>
<li style="text-align: left;"><span style="font-size: 14px;">1<sup>er</sup> prix, Steinway Förderpreises Klassik, 2023 </span></li>
<li style="text-align: left;"><span style="font-size: 14px;">2<sup>e</sup> prix, Internationaler Deutscher Pianistenpreis, 2022  </span></li>
<li style="text-align: left;"><span style="font-size: 14px;">5<sup>e</sup> prix, Maj Lind International  Piano Competition,, 2022  </span></li>
<li style="text-align: left;"><span style="font-size: 14px;">Demi-finaliste, XVIII Konkurs Chopinowski Warszawa, 2021 </span></li>
<li style="text-align: left;"><span style="font-size: 14px;">1</span><sup>er </sup><span style="font-size: 14px;">prix, Concours musical international </span><span style="font-size: 14px;">« </span><span style="font-size: 14px;">Città di Firenze-Premio Crescendo </span><span style="font-size: 14px;">»</span><span style="font-size: 14px;">, 2020</span></li>
<li style="text-align: left;"><span style="font-size: 14px;">3</span><sup>e</sup><span style="font-size: 14px;"> prix, Concours international de piano Brescia Classica, 2019 </span><span style="font-size: 14px;"> </span></li>
</ul>
<h2> </h2>
<h2 style="text-align: left;"><b><span data-contrast="none"><span style="color: #ff0000;">ProgramME</span></span></b></h2>
<p style="text-align: left;"><span style="font-size: 14px;"><b>PREMIÈRE ÉPREUVE : RÉCITAL</b> </span></p>
<p style="text-align: left;"><span style="font-size: 14px;"><b>Frédéric Chopin<br /></b></span><span style="font-size: 14px;">Barcarolle en fa dièse majeur, op. 60 </span></p>
<p style="text-align: left;"><span style="font-size: 14px;"><b>Franz Liszt<br /></b></span><span style="font-size: 14px;"><i>Paraphrase de concert sur Ernani II</i>, S. 432</span><span style="font-size: 14px;" data-ccp-props="{&quot;469777462&quot;:[180,5040],&quot;469777927&quot;:[0,0],&quot;469777928&quot;:[1,4]}"> </span></p>
<p style="text-align: left;"><span style="font-size: 14px;"><b>Béla Bartók</b><b><br /></b></span><span style="font-size: 14px;">Sonate BB 88 (Sz. 80)<br /></span><span style="font-size: 12px;">Allegro moderato • Sostenuto e pesante • Allegro molto </span></p>
<p style="text-align: left;"><span style="font-size: 14px;" data-ccp-props="{&quot;469777462&quot;:[180,5040],&quot;469777927&quot;:[0,0],&quot;469777928&quot;:[1,4]}"> </span></p>
<p style="text-align: left;"><span style="font-size: 14px;"><b>DEMI-FINALE : MUSIQUE DE CHAMBRE</b> </span></p>
<p style="text-align: left;"><span style="font-size: 14px;"><b>Robert Schumann<br /></b></span><span style="font-size: 14px;">Quatuor avec piano en mi bémol majeur, op. 47<br /></span><span style="font-size: 12px;">Sostenuto assai &#8211; Allegro ma non troppo </span></p>
<p style="text-align: left;"><span style="font-size: 14px;" data-ccp-props="{&quot;201341983&quot;:0,&quot;335559739&quot;:160,&quot;335559740&quot;:259,&quot;469777462&quot;:[180,5040],&quot;469777927&quot;:[0,0],&quot;469777928&quot;:[1,4]}"> </span></p>
<p style="text-align: left;"><span style="font-size: 14px;"><b>DEMI-FINALE : RÉCITAL</b> </span></p>
<p style="text-align: left;"><span style="font-size: 14px;"><b>Barbara Assiginaak<br /></b></span><span style="font-size: 14px;"><i>Mzizaakok Miiniwaa Mzizaakoonsak </i>(Taons et mouches à chevreuil) </span></p>
<p style="text-align: left;"><span style="font-size: 14px;"><b>Franz Liszt<br /></b></span><span style="font-size: 14px;">« Après une lecture du Dante, fantasia quasi sonata » (<i>Années de pèlerinage, deuxième année, </i>S. 161 : n<sup>o</sup> 7) </span></p>
<p style="text-align: left;"><span style="font-size: 14px;"><b>Georges Enesco<br /></b></span><span style="font-size: 14px;">Suite n<sup>o</sup> 2 en ré majeur, op. 10<br /></span><span style="font-size: 12px;">Pavane </span></p>
<p style="text-align: left;"><span style="font-size: 14px;"><b>Hélène de Montgeroult<br /></b></span><span style="font-size: 14px;"><i>Études<br /></i></span><span style="font-size: 12px;">n<sup>o</sup> 111 en sol mineur </span></p>
<p style="text-align: left;"><span style="font-size: 14px;"><b>Sergueï Prokofiev<br /></b></span><span style="font-size: 14px;">Sonate n<sup>o</sup> 7 en si bémol majeur, op. 83<br /></span><span style="font-size: 12px;">Allegro inquieto &#8211; Andantino • Andante caloroso • Precipitato </span></p>
<p>&nbsp;</p>
<p style="text-align: left;"><a href="/wp-content/uploads/2023/09/coeur_logo.png"><img loading="lazy" decoding="async" class="alignleft size-full wp-image-33900" src="/wp-content/uploads/2023/09/coeur_logo.png" alt="" width="60" height="56" /></a></p>
<p style="text-align: left;"><span style="font-size: 14px;"><strong>Adoptez un musicien<br /></strong>La présence à Montréal de Michelle Candotti</span><br /><span style="font-size: 14px;">est généreusement soutenue par <span class="TextRun SCXW102832138 BCX0" lang="FR-FR" xml:lang="FR-FR" data-contrast="auto"><span class="NormalTextRun SCXW102832138 BCX0">Claude Rouleau</span></span></span></p>
<p><a href="https://concoursmontreal.ca/fr/concurrents/tom-carre/"><img loading="lazy" decoding="async" class="alignright wp-image-17690 size-full" src="/wp-content/uploads/2021/02/next-button.png" alt="" width="80" height="80" /></a></p>
<p>&nbsp;</p>
<p style="text-align: left;"></p>
<p style="text-align: left;"><a class="maxbutton-74 maxbutton maxbutton-donnez-au-concours" href="https://www.concoursmontreal.ca/fr/appuyez/faire-un-don/"><span class='mb-text'>DONNEZ AU CONCOURS</span></a></p>

<p>&nbsp; Demi-finaliste Michelle Candotti a obtenu son diplôme de piano au Conservatoire Dell&rsquo;Abaco de Vérone à 14 ans. Elle a également obtenu, avec distinction, le Master in Performance et Artist Diploma au Royal College of Music avec Dmitri Alexeev, et le Diplôme avec « Master » à l&rsquo;Académie d&rsquo;Imola avec Enrico Pace.  Michelle a remporté [&hellip;]</p>

05/18/1996<br/><br/> Ville de résidence : Livourne
