{"id":46164,"date":"2026-09-02T09:11:07","date_gmt":"2026-09-02T13:11:07","guid":{"rendered":"https:\/\/www.concoursmontreal.ca\/?post_type=cmim-jury&#038;p=46164"},"modified":"2026-09-02T16:44:13","modified_gmt":"2026-09-02T20:44:13","slug":"janina-fialkowska","status":"publish","type":"cmim-jury","link":"https:\/\/www.concoursmontreal.ca\/fr\/jury\/janina-fialkowska\/","title":{"rendered":"Janina Fialkowska"},"content":{"rendered":"<a class=\"maxbutton-196 maxbutton maxbutton-concours-2027-fr\" target=\"_blank\" rel=\"noopener\" href=\"https:\/\/concoursmontreal.ca\/fr\/piano-2027\/\"><span class='mb-text'>ACCUEIL - CONCOURS 2027<\/span><\/a>\n<p>&nbsp;<\/p>\n<a class=\"maxbutton-201 maxbutton maxbutton-jurys-2027-fr\" target=\"_blank\" rel=\"noopener\" href=\"https:\/\/www.concoursmontreal.ca\/fr\/piano-2027\/jurys\/\"><span class='mb-text'>JURYS 2027<\/span><\/a>\n<p>&nbsp;<\/p>\n<p style=\"text-align: left;\">V\u00e9ritable ic\u00f4ne de la musique classique, la pianiste renomm\u00e9e <strong>Janina Fialkowska<\/strong> enchante le public et la critique aux quatre coins du monde depuis pr\u00e8s de 50 ans. Salu\u00e9e pour son int\u00e9grit\u00e9 musicale, son approche naturelle et rafra\u00eechissante ainsi que pour sa sonorit\u00e9 unique au piano, elle est consid\u00e9r\u00e9e comme \u00ab l\u2019une des grandes dames du piano \u00bb (<em>Frankfurter Allgemeine<\/em>).<\/p>\n<p style=\"text-align: left;\">Sa carri\u00e8re prend son envol lorsque le l\u00e9gendaire Arthur Rubinstein devient son mentor apr\u00e8s qu\u2019elle eut remport\u00e9 un prix lors du premier concours portant le nom du c\u00e9l\u00e8bre pianiste, en 1974. Le grand ma\u00eetre dit alors d\u2019elle qu\u2019elle \u00e9tait \u00ab n\u00e9e pour interpr\u00e9ter Chopin \u00bb, jetant les bases d\u2019une identification \u00e0 ce compositeur qui ne s\u2019est jamais d\u00e9mentie.<\/p>\n<p style=\"text-align: left;\">Depuis, elle s\u2019est produite avec les plus grands orchestres du monde, sous la direction de chefs prestigieux tels que Zubin Mehta, Bernard Haitink, Lorin Maazel, Sir Georg Solti, Sir Roger Norrington ainsi qu\u2019avec une nouvelle g\u00e9n\u00e9ration de chefs, notamment Klaus M\u00e4kel\u00e4 et Yannick N\u00e9zet-S\u00e9guin.<\/p>\n<p style=\"text-align: left;\">Elle est r\u00e9guli\u00e8rement invit\u00e9e \u00e0 participer en tant que jur\u00e9 aux concours de piano les plus prestigieux du monde, notamment le concours de Munich \u2013 ARD, le concours Rubinstein de Tel Aviv, le concours Liszt d\u2019Utrecht, le concours Honens de Calgary, ainsi qu\u2019en tant que pr\u00e9sidente des concours de Gen\u00e8ve et Van Cliburn Junior.<\/p>\n<p style=\"text-align: left;\">P\u00e9dagogue tr\u00e8s recherch\u00e9e, elle a donn\u00e9 de nombreuses classes de ma\u00eetre tr\u00e8s pris\u00e9es \u00e0 travers le monde (Tokyo, S\u00e9oul, Salzbourg, Hanovre, Gen\u00e8ve, Toronto, Ottawa, Vancouver), ainsi que dans plusieurs festivals d\u2019\u00e9t\u00e9 \u00e0 Schleswig-Holstein, Kleve et Ettal (Allemagne), Eppan (Italie) et Parry Sound (Canada), contribuant \u00e0 l\u2019\u00e9mergence d\u2019une nouvelle g\u00e9n\u00e9ration de pianistes talentueux.<\/p>\n<p style=\"text-align: left;\">Au cours de la saison 2024-25, elle a effectu\u00e9 une impressionnante tourn\u00e9e de concerts \u00e0 travers son Canada natal, en plus de se produire au Luxembourg, \u00e0 Londres (Cadogan Hall) et d\u2019interpr\u00e9ter le concerto de Paderewski dans le cadre du festival Paderewski de San Luis Obispo en Californie.<\/p>\n<p style=\"text-align: left;\">Son autobiographie <em>A Note in Time<\/em> (Novum Publishing, Londres), parue en novembre 2021, a re\u00e7u des critiques \u00e9logieuses. \u00ab La subtilit\u00e9, qui caract\u00e9rise son jeu sur les touches du piano, distingue \u00e9galement son \u00e9criture\u2026 un \u00e9crivain exp\u00e9riment\u00e9 n\u2019aurait pas pu faire un meilleur travail. \u00bb (<em>Augsburger Allgemeine<\/em>). Un \u00ab m\u00e9moire hypnotique \u00bb (<em>Classical Voice North America<\/em>).<\/p>\n<p style=\"text-align: left;\">Sa tourn\u00e9e 75<sup>e<\/sup> anniversaire a co\u00efncid\u00e9 avec la sortie de son nouvel album, <em>Invitation \u00e0 la valse<\/em>, son 16<sup>e<\/sup> album paru en f\u00e9vrier 2026 sous \u00e9tiquette ATMA Classique.<\/p>\n<p style=\"text-align: left;\">\u00a0<\/p>\n<p style=\"text-align: center;\"><a href=\"https:\/\/www.ritzcarlton.com\/fr\/hotels\/yulrm-the-ritz-carlton-montreal\/overview\/\"><img loading=\"lazy\" decoding=\"async\" class=\" wp-image-33226 aligncenter\" src=\"\/wp-content\/uploads\/2023\/10\/Ritz-Carlton_Montreal_Logo.svg_.png\" alt=\"\" width=\"140\" height=\"103\" \/><\/a><\/p>\n<p style=\"text-align: center;\">Le jury international du <span style=\"font-size: 14px;\"><strong>Concours musical international de Montr\u00e9al<\/strong><\/span> est h\u00e9berg\u00e9 au Ritz-Carlton \u2013 Montr\u00e9al<\/p>\n<p>&nbsp;<\/p>\n<p style=\"text-align: center;\"><a class=\"maxbutton-196 maxbutton maxbutton-concours-2027-fr\" target=\"_blank\" rel=\"noopener\" href=\"https:\/\/concoursmontreal.ca\/fr\/piano-2027\/\"><span class='mb-text'>ACCUEIL - CONCOURS 2027<\/span><\/a><\/p>\n<p style=\"text-align: center;\"><a class=\"maxbutton-74 maxbutton maxbutton-donnez-au-concours\" href=\"https:\/\/www.concoursmontreal.ca\/fr\/appuyez\/faire-un-don\/\"><span class='mb-text'>DONNEZ AU CONCOURS<\/span><\/a><\/p>\n","protected":false},"excerpt":{"rendered":"<p>&nbsp; &nbsp; V\u00e9ritable ic\u00f4ne de la musique classique, la pianiste renomm\u00e9e Janina Fialkowska enchante le public et la critique aux quatre coins du monde depuis pr\u00e8s de 50 ans. Salu\u00e9e pour son int\u00e9grit\u00e9 musicale, son approche naturelle et rafra\u00eechissante ainsi que pour sa sonorit\u00e9 unique au piano, elle est consid\u00e9r\u00e9e comme \u00ab l\u2019une des grandes [&hellip;]<\/p>\n","protected":false},"featured_media":46235,"template":"","class_list":["post-46164","cmim-jury","type-cmim-jury","status-publish","has-post-thumbnail","hentry"],"acf":{"cmim_jury_photo_credits":"","cmim_jury_role":"","cmim_jury_country":""},"_links":{"self":[{"href":"https:\/\/www.concoursmontreal.ca\/fr\/wp-json\/wp\/v2\/cmim-jury\/46164","targetHints":{"allow":["GET"]}}],"collection":[{"href":"https:\/\/www.concoursmontreal.ca\/fr\/wp-json\/wp\/v2\/cmim-jury"}],"about":[{"href":"https:\/\/www.concoursmontreal.ca\/fr\/wp-json\/wp\/v2\/types\/cmim-jury"}],"wp:featuredmedia":[{"embeddable":true,"href":"https:\/\/www.concoursmontreal.ca\/fr\/wp-json\/wp\/v2\/media\/46235"}],"wp:attachment":[{"href":"https:\/\/www.concoursmontreal.ca\/fr\/wp-json\/wp\/v2\/media?parent=46164"}],"curies":[{"name":"wp","href":"https:\/\/api.w.org\/{rel}","templated":true}]}}

<a class="maxbutton-196 maxbutton maxbutton-concours-2027-fr" target="_blank" rel="noopener" href="https://concoursmontreal.ca/fr/piano-2027/"><span class='mb-text'>ACCUEIL - CONCOURS 2027</span></a>
<p>&nbsp;</p>
<a class="maxbutton-201 maxbutton maxbutton-jurys-2027-fr" target="_blank" rel="noopener" href="https://www.concoursmontreal.ca/fr/piano-2027/jurys/"><span class='mb-text'>JURYS 2027</span></a>
<p>&nbsp;</p>
<p style="text-align: left;">Véritable icône de la musique classique, la pianiste renommée <strong>Janina Fialkowska</strong> enchante le public et la critique aux quatre coins du monde depuis près de 50 ans. Saluée pour son intégrité musicale, son approche naturelle et rafraîchissante ainsi que pour sa sonorité unique au piano, elle est considérée comme « l’une des grandes dames du piano » (<em>Frankfurter Allgemeine</em>).</p>
<p style="text-align: left;">Sa carrière prend son envol lorsque le légendaire Arthur Rubinstein devient son mentor après qu’elle eut remporté un prix lors du premier concours portant le nom du célèbre pianiste, en 1974. Le grand maître dit alors d’elle qu’elle était « née pour interpréter Chopin », jetant les bases d’une identification à ce compositeur qui ne s’est jamais démentie.</p>
<p style="text-align: left;">Depuis, elle s’est produite avec les plus grands orchestres du monde, sous la direction de chefs prestigieux tels que Zubin Mehta, Bernard Haitink, Lorin Maazel, Sir Georg Solti, Sir Roger Norrington ainsi qu’avec une nouvelle génération de chefs, notamment Klaus Mäkelä et Yannick Nézet-Séguin.</p>
<p style="text-align: left;">Elle est régulièrement invitée à participer en tant que juré aux concours de piano les plus prestigieux du monde, notamment le concours de Munich – ARD, le concours Rubinstein de Tel Aviv, le concours Liszt d’Utrecht, le concours Honens de Calgary, ainsi qu’en tant que présidente des concours de Genève et Van Cliburn Junior.</p>
<p style="text-align: left;">Pédagogue très recherchée, elle a donné de nombreuses classes de maître très prisées à travers le monde (Tokyo, Séoul, Salzbourg, Hanovre, Genève, Toronto, Ottawa, Vancouver), ainsi que dans plusieurs festivals d’été à Schleswig-Holstein, Kleve et Ettal (Allemagne), Eppan (Italie) et Parry Sound (Canada), contribuant à l’émergence d’une nouvelle génération de pianistes talentueux.</p>
<p style="text-align: left;">Au cours de la saison 2024-25, elle a effectué une impressionnante tournée de concerts à travers son Canada natal, en plus de se produire au Luxembourg, à Londres (Cadogan Hall) et d’interpréter le concerto de Paderewski dans le cadre du festival Paderewski de San Luis Obispo en Californie.</p>
<p style="text-align: left;">Son autobiographie <em>A Note in Time</em> (Novum Publishing, Londres), parue en novembre 2021, a reçu des critiques élogieuses. « La subtilité, qui caractérise son jeu sur les touches du piano, distingue également son écriture… un écrivain expérimenté n’aurait pas pu faire un meilleur travail. » (<em>Augsburger Allgemeine</em>). Un « mémoire hypnotique » (<em>Classical Voice North America</em>).</p>
<p style="text-align: left;">Sa tournée 75<sup>e</sup> anniversaire a coïncidé avec la sortie de son nouvel album, <em>Invitation à la valse</em>, son 16<sup>e</sup> album paru en février 2026 sous étiquette ATMA Classique.</p>
<p style="text-align: left;"> </p>
<p style="text-align: center;"><a href="https://www.ritzcarlton.com/fr/hotels/yulrm-the-ritz-carlton-montreal/overview/"><img loading="lazy" decoding="async" class=" wp-image-33226 aligncenter" src="/wp-content/uploads/2023/10/Ritz-Carlton_Montreal_Logo.svg_.png" alt="" width="140" height="103" /></a></p>
<p style="text-align: center;">Le jury international du <span style="font-size: 14px;"><strong>Concours musical international de Montréal</strong></span> est hébergé au Ritz-Carlton – Montréal</p>
<p>&nbsp;</p>
<p style="text-align: center;"><a class="maxbutton-196 maxbutton maxbutton-concours-2027-fr" target="_blank" rel="noopener" href="https://concoursmontreal.ca/fr/piano-2027/"><span class='mb-text'>ACCUEIL - CONCOURS 2027</span></a></p>
<p style="text-align: center;"><a class="maxbutton-74 maxbutton maxbutton-donnez-au-concours" href="https://www.concoursmontreal.ca/fr/appuyez/faire-un-don/"><span class='mb-text'>DONNEZ AU CONCOURS</span></a></p>

<p>&nbsp; &nbsp; Véritable icône de la musique classique, la pianiste renommée Janina Fialkowska enchante le public et la critique aux quatre coins du monde depuis près de 50 ans. Saluée pour son intégrité musicale, son approche naturelle et rafraîchissante ainsi que pour sa sonorité unique au piano, elle est considérée comme « l’une des grandes [&hellip;]</p>
