{"id":46175,"date":"2026-09-02T09:11:42","date_gmt":"2026-09-02T13:11:42","guid":{"rendered":"https:\/\/www.concoursmontreal.ca\/?post_type=cmim-jury&#038;p=46175"},"modified":"2026-09-02T16:50:20","modified_gmt":"2026-09-02T20:50:20","slug":"roberto-plano","status":"publish","type":"cmim-jury","link":"https:\/\/www.concoursmontreal.ca\/fr\/jury\/roberto-plano\/","title":{"rendered":"Roberto Plano"},"content":{"rendered":"<a class=\"maxbutton-196 maxbutton maxbutton-concours-2027-fr\" target=\"_blank\" rel=\"noopener\" href=\"https:\/\/concoursmontreal.ca\/fr\/piano-2027\/\"><span class='mb-text'>ACCUEIL - CONCOURS 2027<\/span><\/a>\n<p>&nbsp;<\/p>\n<a class=\"maxbutton-201 maxbutton maxbutton-jurys-2027-fr\" target=\"_blank\" rel=\"noopener\" href=\"https:\/\/www.concoursmontreal.ca\/fr\/piano-2027\/jurys\/\"><span class='mb-text'>JURYS 2027<\/span><\/a>\n<p style=\"text-align: left;\">\u00a0<\/p>\n<p style=\"text-align: left;\"><span style=\"font-size: 14px;\">Le pianiste italien <strong>Roberto Plano<\/strong> se produit r\u00e9guli\u00e8rement en Am\u00e9rique du Nord et en Europe \u2013 notamment au Lincoln Center, \u00e0 la Sala Verdi, \u00e0 la Salle Cortot, \u00e0 Wigmore Hall et \u00e0 l\u2019Herkulessaal. Il s\u2019est produit avec des orchestres du monde entier, sous la direction de chefs r\u00e9put\u00e9s tels que Sir Neville Marriner, James Conlon, Pinchas Zu<\/span><span style=\"font-size: 14px;\">kerman et Miguel Harth-Bedoya. Il a donn\u00e9 des r\u00e9citals au Newport Festival, au Portland Piano Festival, au Ravinia Festival et au Gilmore International Piano Festival aux \u00c9tats-Unis, ainsi qu\u2019au Festival Chopin en Pologne, au Festival de Bologne en Italie et dans le cadre de nombreux autres festivals. Il a collabor\u00e9 avec des quatuors \u00e0 cordes renomm\u00e9s, notamment les quatuors Tak\u00e1cs, Cremona, Saint-P\u00e9tersbourg, Fine Arts, Jupiter et Muir, aux c\u00f4t\u00e9s de solistes tels que Domenico Nordio, Ilya Grubert, Pavel Berman, Ji\u0159\u00ed B\u00e1rta et Enrico Bronzi, ainsi qu\u2019en duo avec son \u00e9pouse, la pianiste Paola Del Negro.<\/span><\/p>\n<p style=\"text-align: left;\"><span style=\"font-size: 14px;\">Roberto Plano a remport\u00e9 le premier prix au Cleveland International Piano Competition en 2001, ainsi que des prix aux concours Honens, G\u00e9za Anda, de Dublin, de Sendai et de Valence; il a \u00e9galement \u00e9t\u00e9 finaliste aux concours Cliburn et Busoni, sans compter les 15 premiers prix qu\u2019il a remport\u00e9s lors de concours nationaux en Italie. La personnalit\u00e9 engageante de M. Plano en fait un invit\u00e9 tr\u00e8s appr\u00e9ci\u00e9 dans des \u00e9missions de radio telles que \u00ab Performance Today \u00bb diffus\u00e9e sur la cha\u00eene NPR.<\/span><\/p>\n<p style=\"text-align: left;\"><span style=\"font-size: 14px;\">Sa vingtaine d\u2019albums ont re\u00e7u de nombreuses critiques cinq \u00e9toiles. Il a r\u00e9cemment fait para\u00eetre en premi\u00e8re mondiale une s\u00e9rie d\u2019enregistrements d\u2019\u0153uvres d\u2019Andrea Luchesi (1741\u20131801) et a cr\u00e9\u00e9 deux concertos pour piano de Luchesi avec le Nuova Orchestra da Camera Ferruccio Busoni \u00e0 Trieste, suivis de la premi\u00e8re am\u00e9ricaine avec le Toledo Symphony Orchestra, sous la direction de Stefan Sanderling. Son premier enregistrement pour Decca Classics met en vedette le cycle <em>Harmonies po\u00e9tiques et religieuses<\/em> de Liszt \u2014 des \u0153uvres que Decca n\u2019avait pas enregistr\u00e9es depuis les ann\u00e9es 1960.<\/span><\/p>\n<p style=\"text-align: left;\"><span style=\"font-size: 14px;\">Parmi ses engagements r\u00e9cents, mentionnons des prestations comme soliste avec la Kremerata Baltica au Festival musical international de Portogruaro en Italie et avec la Royal Camerata \u00e0 l\u2019Ath\u00e9n\u00e9e roumain \u00e0 Bucarest, en Roumanie, ainsi que des concerts au Stellenbosch International Piano Symposium en Afrique du Sud, au , au Festival Vivace de Vilnius en Lituanie, au Festival international de piano de Gij\u00f3n en Espagne et au Boston Athen\u00e6um aux \u00c9tats-Unis. Il a \u00e9galement donn\u00e9 plusieurs concerts en Russie, dont deux au Palais d\u2019\u00c9tat du Kremlin \u00e0 Moscou, et a effectu\u00e9 une tourn\u00e9e de musique de chambre de dix concerts en Chine.<\/span><\/p>\n<p style=\"text-align: left;\"><span style=\"font-size: 14px;\">Plano a \u00e9tudi\u00e9 au Conservatoire Verdi de Milan et \u00e0 l\u2019\u00c9cole normale de musique de Paris \u2013 Alfred-Cortot, o\u00f9 il a obtenu le Dipl\u00f4me sup\u00e9rieur de concertiste, remportant le premier prix \u00e0 l\u2019unanimit\u00e9. Il a \u00e9t\u00e9 qualifi\u00e9 par <em>The Chronicle<\/em> de \u00ab Pavarotti du piano \u00bb pour son lyrisme, et a \u00e9t\u00e9 d\u00e9sign\u00e9 h\u00e9ritier de Rubinstein et d\u2019Horowitz par le commentateur radiophonique de Chicago Paul Harvey. En Italie, il a fait la couverture du plus important magazine musical du pays, <em>Amadeus<\/em>, et a re\u00e7u plusieurs distinctions, dont le Lumen Claro, d\u00e9cern\u00e9 par la ville de Var\u00e8se \u00e0 ses citoyens les plus illustres.<\/span><\/p>\n<p style=\"text-align: left;\"><span style=\"font-size: 14px;\">Depuis 2023, il occupe les fonctions de professeur et de directeur du d\u00e9partement de piano au Conservatorio della Svizzera Italiana de Lugano, en Suisse, ainsi que celles de Professeur invit\u00e9 international de piano au Royal Northern College of Music de Manchester, au Royaume-Uni.<\/span><\/p>\n<p>&nbsp;<\/p>\n<p style=\"text-align: center;\"><a href=\"https:\/\/www.ritzcarlton.com\/fr\/hotels\/yulrm-the-ritz-carlton-montreal\/overview\/\"><img loading=\"lazy\" decoding=\"async\" class=\" wp-image-33226 aligncenter\" src=\"\/wp-content\/uploads\/2023\/10\/Ritz-Carlton_Montreal_Logo.svg_.png\" alt=\"\" width=\"140\" height=\"103\" \/><\/a><\/p>\n<p style=\"text-align: center;\">Le jury international du <span style=\"font-size: 14px;\"><strong>Concours musical international de Montr\u00e9al<\/strong><\/span> est h\u00e9berg\u00e9 au Ritz-Carlton \u2013 Montr\u00e9al<\/p>\n<p>&nbsp;<\/p>\n<p style=\"text-align: center;\"><a class=\"maxbutton-196 maxbutton maxbutton-concours-2027-fr\" target=\"_blank\" rel=\"noopener\" href=\"https:\/\/concoursmontreal.ca\/fr\/piano-2027\/\"><span class='mb-text'>ACCUEIL - CONCOURS 2027<\/span><\/a><\/p>\n<p style=\"text-align: center;\"><a class=\"maxbutton-74 maxbutton maxbutton-donnez-au-concours\" href=\"https:\/\/www.concoursmontreal.ca\/fr\/appuyez\/faire-un-don\/\"><span class='mb-text'>DONNEZ AU CONCOURS<\/span><\/a><\/p>\n","protected":false},"excerpt":{"rendered":"<p>&nbsp; \u00a0 Le pianiste italien Roberto Plano se produit r\u00e9guli\u00e8rement en Am\u00e9rique du Nord et en Europe \u2013 notamment au Lincoln Center, \u00e0 la Sala Verdi, \u00e0 la Salle Cortot, \u00e0 Wigmore Hall et \u00e0 l\u2019Herkulessaal. Il s\u2019est produit avec des orchestres du monde entier, sous la direction de chefs r\u00e9put\u00e9s tels que Sir Neville [&hellip;]<\/p>\n","protected":false},"featured_media":46239,"template":"","class_list":["post-46175","cmim-jury","type-cmim-jury","status-publish","has-post-thumbnail","hentry"],"acf":{"cmim_jury_photo_credits":"","cmim_jury_role":"","cmim_jury_country":""},"_links":{"self":[{"href":"https:\/\/www.concoursmontreal.ca\/fr\/wp-json\/wp\/v2\/cmim-jury\/46175","targetHints":{"allow":["GET"]}}],"collection":[{"href":"https:\/\/www.concoursmontreal.ca\/fr\/wp-json\/wp\/v2\/cmim-jury"}],"about":[{"href":"https:\/\/www.concoursmontreal.ca\/fr\/wp-json\/wp\/v2\/types\/cmim-jury"}],"wp:featuredmedia":[{"embeddable":true,"href":"https:\/\/www.concoursmontreal.ca\/fr\/wp-json\/wp\/v2\/media\/46239"}],"wp:attachment":[{"href":"https:\/\/www.concoursmontreal.ca\/fr\/wp-json\/wp\/v2\/media?parent=46175"}],"curies":[{"name":"wp","href":"https:\/\/api.w.org\/{rel}","templated":true}]}}

<a class="maxbutton-196 maxbutton maxbutton-concours-2027-fr" target="_blank" rel="noopener" href="https://concoursmontreal.ca/fr/piano-2027/"><span class='mb-text'>ACCUEIL - CONCOURS 2027</span></a>
<p>&nbsp;</p>
<a class="maxbutton-201 maxbutton maxbutton-jurys-2027-fr" target="_blank" rel="noopener" href="https://www.concoursmontreal.ca/fr/piano-2027/jurys/"><span class='mb-text'>JURYS 2027</span></a>
<p style="text-align: left;"> </p>
<p style="text-align: left;"><span style="font-size: 14px;">Le pianiste italien <strong>Roberto Plano</strong> se produit régulièrement en Amérique du Nord et en Europe – notamment au Lincoln Center, à la Sala Verdi, à la Salle Cortot, à Wigmore Hall et à l’Herkulessaal. Il s’est produit avec des orchestres du monde entier, sous la direction de chefs réputés tels que Sir Neville Marriner, James Conlon, Pinchas Zu</span><span style="font-size: 14px;">kerman et Miguel Harth-Bedoya. Il a donné des récitals au Newport Festival, au Portland Piano Festival, au Ravinia Festival et au Gilmore International Piano Festival aux États-Unis, ainsi qu’au Festival Chopin en Pologne, au Festival de Bologne en Italie et dans le cadre de nombreux autres festivals. Il a collaboré avec des quatuors à cordes renommés, notamment les quatuors Takács, Cremona, Saint-Pétersbourg, Fine Arts, Jupiter et Muir, aux côtés de solistes tels que Domenico Nordio, Ilya Grubert, Pavel Berman, Jiří Bárta et Enrico Bronzi, ainsi qu’en duo avec son épouse, la pianiste Paola Del Negro.</span></p>
<p style="text-align: left;"><span style="font-size: 14px;">Roberto Plano a remporté le premier prix au Cleveland International Piano Competition en 2001, ainsi que des prix aux concours Honens, Géza Anda, de Dublin, de Sendai et de Valence; il a également été finaliste aux concours Cliburn et Busoni, sans compter les 15 premiers prix qu’il a remportés lors de concours nationaux en Italie. La personnalité engageante de M. Plano en fait un invité très apprécié dans des émissions de radio telles que « Performance Today » diffusée sur la chaîne NPR.</span></p>
<p style="text-align: left;"><span style="font-size: 14px;">Sa vingtaine d’albums ont reçu de nombreuses critiques cinq étoiles. Il a récemment fait paraître en première mondiale une série d’enregistrements d’œuvres d’Andrea Luchesi (1741–1801) et a créé deux concertos pour piano de Luchesi avec le Nuova Orchestra da Camera Ferruccio Busoni à Trieste, suivis de la première américaine avec le Toledo Symphony Orchestra, sous la direction de Stefan Sanderling. Son premier enregistrement pour Decca Classics met en vedette le cycle <em>Harmonies poétiques et religieuses</em> de Liszt — des œuvres que Decca n’avait pas enregistrées depuis les années 1960.</span></p>
<p style="text-align: left;"><span style="font-size: 14px;">Parmi ses engagements récents, mentionnons des prestations comme soliste avec la Kremerata Baltica au Festival musical international de Portogruaro en Italie et avec la Royal Camerata à l’Athénée roumain à Bucarest, en Roumanie, ainsi que des concerts au Stellenbosch International Piano Symposium en Afrique du Sud, au , au Festival Vivace de Vilnius en Lituanie, au Festival international de piano de Gijón en Espagne et au Boston Athenæum aux États-Unis. Il a également donné plusieurs concerts en Russie, dont deux au Palais d’État du Kremlin à Moscou, et a effectué une tournée de musique de chambre de dix concerts en Chine.</span></p>
<p style="text-align: left;"><span style="font-size: 14px;">Plano a étudié au Conservatoire Verdi de Milan et à l’École normale de musique de Paris – Alfred-Cortot, où il a obtenu le Diplôme supérieur de concertiste, remportant le premier prix à l’unanimité. Il a été qualifié par <em>The Chronicle</em> de « Pavarotti du piano » pour son lyrisme, et a été désigné héritier de Rubinstein et d’Horowitz par le commentateur radiophonique de Chicago Paul Harvey. En Italie, il a fait la couverture du plus important magazine musical du pays, <em>Amadeus</em>, et a reçu plusieurs distinctions, dont le Lumen Claro, décerné par la ville de Varèse à ses citoyens les plus illustres.</span></p>
<p style="text-align: left;"><span style="font-size: 14px;">Depuis 2023, il occupe les fonctions de professeur et de directeur du département de piano au Conservatorio della Svizzera Italiana de Lugano, en Suisse, ainsi que celles de Professeur invité international de piano au Royal Northern College of Music de Manchester, au Royaume-Uni.</span></p>
<p>&nbsp;</p>
<p style="text-align: center;"><a href="https://www.ritzcarlton.com/fr/hotels/yulrm-the-ritz-carlton-montreal/overview/"><img loading="lazy" decoding="async" class=" wp-image-33226 aligncenter" src="/wp-content/uploads/2023/10/Ritz-Carlton_Montreal_Logo.svg_.png" alt="" width="140" height="103" /></a></p>
<p style="text-align: center;">Le jury international du <span style="font-size: 14px;"><strong>Concours musical international de Montréal</strong></span> est hébergé au Ritz-Carlton – Montréal</p>
<p>&nbsp;</p>
<p style="text-align: center;"><a class="maxbutton-196 maxbutton maxbutton-concours-2027-fr" target="_blank" rel="noopener" href="https://concoursmontreal.ca/fr/piano-2027/"><span class='mb-text'>ACCUEIL - CONCOURS 2027</span></a></p>
<p style="text-align: center;"><a class="maxbutton-74 maxbutton maxbutton-donnez-au-concours" href="https://www.concoursmontreal.ca/fr/appuyez/faire-un-don/"><span class='mb-text'>DONNEZ AU CONCOURS</span></a></p>

<p>&nbsp;   Le pianiste italien Roberto Plano se produit régulièrement en Amérique du Nord et en Europe – notamment au Lincoln Center, à la Sala Verdi, à la Salle Cortot, à Wigmore Hall et à l’Herkulessaal. Il s’est produit avec des orchestres du monde entier, sous la direction de chefs réputés tels que Sir Neville [&hellip;]</p>
